 = p - -140. What are the prime factors of y?
3, 11
Let p(n) = 9*n**2 + 20*n - n**3 - 129670 - 129674 + 259355. Suppose -3*b + 2*h = -0*h - 17, 3*b - 5*h = 2. What are the prime factors of p(b)?
191
Let f(v) = -8*v - 22. Let l(y) = -y + 27. Let x be l(16). Suppose 0 = x*k - 3*k + 128. List the prime factors of f(k).
2, 53
Let p be 0*(-3)/(-4)*(-16)/24. Suppose 2*a - 4*m - 2088 = p, 0 = 3*a + 18*m - 14*m - 3152. What are the prime factors of a?
2, 131
List the prime factors of ((80/30)/((-8)/(-41172)))/((-8)/(-16)).
2, 47, 73
Let x(b) = -2*b**2 - 375*b + 359. What are the prime factors of x(-91)?
2, 3, 29, 103
Let q = 5555 + -298. List the prime factors of q.
7, 751
Let m = -2679 + 4839. What are the prime factors of m?
2, 3, 5
Suppose 0 = 5*f + 2*r + 167, 3*r + 96 = -4*f - 39. Let b be (5 - 4)/(((-1)/f)/1). Suppose 37*m - 180 = b*m. What are the prime factors of m?
3, 5
Suppose 0 = -d + 3*h + 2, -d = -2*d + 5*h. Suppose -5*z + 29 = -2*x, 4*x + 0*z + d*z - 17 = 0. List the prime factors of 5 - (380 + -4)/x.
193
Let m(w) = -12*w - 59. Suppose -4*x + 3*t = -225, -4*x + 0*t + 5*t + 215 = 0. Suppose -5*r - x = -f + 4*f, -25 = -5*f. List the prime factors of m(r).
11
Let p = 1195 + 26415. List the prime factors of p.
2, 5, 11, 251
Suppose 10 = -2*k + 5*s, 3*k - s - 4*s + 10 = 0. Suppose k = c - 3, -5*j + 524 = -c - 153. Let z = -69 + j. List the prime factors of z.
67
What are the prime factors of 46/(-207) - (1 + 327284/(-36))?
2, 3, 5, 101
Let b = -287 + 758. Let z = -778 + 467. Let p = b + z. What are the prime factors of p?
2, 5
Let p = -101 + 114. Suppose 2*l - 2*j = 12, -5*l + 4*j + p = -16. Suppose -l*f = d - 1077, 4*f + d - 1114 + 253 = 0. List the prime factors of f.
2, 3
Suppose 24668 = 4*c + 4*r, -228*c + 5*r = -230*c + 12319. What are the prime factors of c?
2, 1543
Let y = 24 + -20. Suppose -5*b = -y*m + 454, 3*m - 24 + 130 = -b. Let v = 141 + b. List the prime factors of v.
47
Let t = -4295 + 7830. What are the prime factors of t?
5, 7, 101
List the prime factors of 40/(-15)*23835/(-28).
2, 5, 227
Let f(j) = 66*j**2 + 88*j - 957. What are the prime factors of f(12)?
3, 11, 97
Let g = -22663 + 31893. Suppose 21*p - g - 3517 = 0. What are the prime factors of p?
607
Let y be 16/20*(-5)/(-2). Suppose 36*r + 28*r = 3*r. Suppose y*i - 376 = -f - 3*f, r = 3*i. List the prime factors of f.
2, 47
Suppose 3*v + 3*s = 83613, 55941 - 199 = 2*v - 2*s. What are the prime factors of v?
47, 593
Let b = 8176 + -393. List the prime factors of b.
43, 181
Let h = 264 + -251. Let l be (2/3)/(1/108). Let p = h + l. What are the prime factors of p?
5, 17
What are the prime factors of 159/1113 + 71818/14 + 2?
2, 1283
Suppose 3*z = 71*z - 1436908. What are the prime factors of z?
11, 17, 113
Let d be 30/(-12)*6/(-5). Let t(m) = -2*m**2 + 35*m + 95. Let f be t(20). List the prime factors of (-1058 + d)/f + (-2 - -2).
211
Let g = -5 - -50. Suppose 0*v = 5*v - g. Suppose -v*l = -6*l - 183. List the prime factors of l.
61
Let n be 3/((-60)/(-21668)) + 4/(-10). Let x = -671 + n. List the prime factors of x.
2, 103
Suppose -184 = 33*l - 25*l. Let v be (163 + (0 - -1))/2. Let o = v - l. List the prime factors of o.
3, 5, 7
Let y be 8/(-6) + (3 - (-1550)/6). Suppose -284 = 4*k + y. Let n = k + 348. What are the prime factors of n?
2, 53
Let k be (-22)/220 - 21/(-10). Suppose 0 = -3*q + 12, -k*d + 6*d + 12 = -q. Let t(m) = 17*m**2 + 8*m + 20. What are the prime factors of t(d)?
2, 5, 13
Let j = 572 + -202. Suppose h = v - 182, 5*h + j = 2*v + h. What are the prime factors of v?
179
Let y(d) = -49*d**3 - 99*d**2 + 8*d + 6. List the prime factors of y(-8).
2, 13, 719
Let c = -21 + 55. Suppose -c*g + 33*g + 210 = 0. Suppose -2*d + g = 5*d. What are the prime factors of d?
2, 3, 5
Let p(z) = -z**3 + 35*z**2 + 38*z - 35. Let n be p(36). Suppose n*t = 35033 + 43. What are the prime factors of t?
2, 3, 79
Let s be 0/(8/(-4)*-1). Suppose 2*r + 5*j - 299 = s, -2*r - 3*j + 92 + 201 = 0. What are the prime factors of r?
2, 71
Let a be (-8)/(-52) - 4000/(-26). Suppose h - a - 85 = 0. Suppose -3*r + h = 23. What are the prime factors of r?
2, 3
Suppose f + 3*g - 6352 = 0, 2*f + 702 - 13410 = -2*g. List the prime factors of f.
5, 31, 41
Suppose -4*z = -5*o + 20, 8*o - 2*z = 5*o + 10. Suppose -43*a + 469 + 950 = o. List the prime factors of a.
3, 11
Let w = 82884 - 58343. What are the prime factors of w?
11, 23, 97
Suppose -2*x + 1 = -2*i - 39, -i = 5*x + 8. Let c be (-2)/(-3) - 6/i. List the prime factors of (-16)/4 + (-2 + 33)*c.
3
Let o(q) = 51*q**2 + 8*q + 16. Let x be o(-4). Suppose -x*w = -807*w + 4977. What are the prime factors of w?
3, 79
Suppose 28*b - 366555 - 288365 = 0. What are the prime factors of b?
2, 5, 2339
Let a be (-3*(-2)/(-4))/(51/(-136)). Suppose 0*j - 282 = -j + 3*m, -a*j + m + 1073 = 0. List the prime factors of j.
3, 89
Suppose -101*b = -98*b - 5*l - 46822, 4*b - 5*l = 62431. What are the prime factors of b?
3, 11, 43
Suppose 2*o - 35 + 25 = 0. Suppose -o*p - 2*s = 111, 0 = -5*p - 2*s + s - 113. Let j = p - -42. What are the prime factors of j?
19
Suppose 890*q - 723*q = 2196551. List the prime factors of q.
7, 1879
Suppose 122*n - 312048 = 56*n. What are the prime factors of n?
2, 3, 197
Let t(o) = 0*o + 11*o + 30 + 3*o + o**2. Suppose -180*x - 3067 = -25*x - 432. What are the prime factors of t(x)?
3
Let c = 173 + -268. Let a = c + 640. List the prime factors of a.
5, 109
Let w = 2329 + -1654. Suppose -678*z + w*z = -912. What are the prime factors of z?
2, 19
Suppose -p + 4*d = p + 84, 0 = 4*p - d + 196. Let o be (-10)/p - (-69)/5. What are the prime factors of (-581)/o*-2*2/2?
83
Let w(v) = 10*v**2 - 478. What are the prime factors of w(29)?
2, 3, 661
Suppose 2*o - 5*w + 13 = 0, 21*w - 16*w - 37 = -2*o. List the prime factors of (o/10)/(12/20580).
3, 7
Suppose -i = 11*x - 6*x - 21971, 8 = -2*i. What are the prime factors of x?
3, 5, 293
Let h = 133 - 131. Let z(j) = 10*j**2 + 0*j**3 - 3*j**3 + 7 + 7*j + 2*j**h + 4*j**3. List the prime factors of z(-8).
3, 23
Suppose 72 = -12*s, -5*y + 108587 = -2*s - 37635. What are the prime factors of y?
2, 14621
Suppose -7*l - 27 + 97 = 0. Let t be 8/l + -1 + 5832/(-90). Let a = 152 - t. What are the prime factors of a?
7, 31
Suppose -1337 = -2*f + 297. Let y = f - 477. What are the prime factors of y?
2, 5, 17
Let b(f) = -16*f**3 - f**2 + 3*f + 8. Let q be b(-3). Suppose -196 = i - t, 5*i + 4*t = 3*i - q. Let n = 351 + i. What are the prime factors of n?
2, 3, 5
Suppose -3*q - 194*y + 191*y = -70356, -5*q - 2*y + 117266 = 0. List the prime factors of q.
2, 3, 1303
Let l = -11069 - -47130. List the prime factors of l.
36061
Suppose 133734 = 16*h - 193658. List the prime factors of h.
2, 13, 787
Let o(t) = t + 8. Let s be o(-12). Let u be -19*s/18 - (-60)/(-270). Suppose r - u*b + 78 = 2*r, 0 = 4*r - 5*b - 207. What are the prime factors of r?
2, 29
Let p = 3 - 6. Let n be p/2 - (-1854)/(-12). Let j = 220 + n. What are the prime factors of j?
2
Let z = -122 - -127. Suppose n + z*u + 46 = -2*n, 2*n + 3*u + 30 = 0. Let w(k) = -k**3 - 10*k**2 + 20*k + 8. List the prime factors of w(n).
2, 7
Let y(k) = 2*k**2 + 0*k**2 - k**2 + 43 - 4*k + 21 + k. List the prime factors of y(21).
2, 13, 17
Let u(k) = 5*k**2 + 3. Let o be u(5). Suppose p = 10 + 25. Suppose o = 37*h - p*h. List the prime factors of h.
2
Suppose u = -2*v + 4*v - 44517, -2*v = 5*u - 44523. What are the prime factors of v?
22259
Let y = 178 - -184. Let o = y - 133. What are the prime factors of o?
229
Let y(n) = -34*n - 58. Suppose -34*z + 29*z + 20 = 0. Suppose z = -f - 5. List the prime factors of y(f).
2, 31
Suppose s - 54*s + 12*s + 1738810 = 0. List the prime factors of s.
2, 5, 4241
Let n be -4 + 8/1 + -1. Suppose n*v - 81 = -2*r - r, -5*v = r - 155. Let x = 107 - v. What are the prime factors of x?
3, 5
Let h(a) = -2*a + 130. Let s be h(12). Suppose -4*w = 16, w + s - 296 = -2*u. List the prime factors of u.
97
Suppose -2*w + 5*o + 1456 = 0, 30 = -31*o + 36*o. List the prime factors of w.
743
Let a be (0 - 21/(-15)) + 6/10. Let m be (1/a)/(2/(-8)). List the prime factors of (m/4)/((-11)/308).
2, 7
Let f(t) = -45*t - 53. Let y(q) = -136*q - 158. Let a(u) = -11*f(u) + 4*y(u). List the prime factors of a(-18).
7, 17
Suppose 53*n = 43*n. Let h(u) = u**3